emainder when 28839 is divided by 197?
77
Calculate the remainder when 2321 is divided by 14.
11
Calculate the remainder when 157 is divided by 156.
1
Calculate the remainder when 760 is divided by 128.
120
What is the remainder when 32749 is divided by 22?
13
What is the remainder when 26544 is divided by 5?
4
What is the remainder when 1856 is divided by 124?
120
What is the remainder when 390894 is divided by 195400?
94
Calculate the remainder when 826 is divided by 15.
1
What is the remainder when 4321 is divided by 535?
41
Calculate the remainder when 34327 is divided by 2447.
69
Calculate the remainder when 407693 is divided by 17.
16
What is the remainder when 3437 is divided by 407?
181
Calculate the remainder when 1911 is divided by 1741.
170
Calculate the remainder when 2194 is divided by 444.
418
What is the remainder when 477609 is divided by 85?
79
What is the remainder when 287650 is divided by 71911?
6
Calculate the remainder when 553665 is divided by 42.
21
Calculate the remainder when 54013 is divided by 226.
225
What is the remainder when 7580 is divided by 35?
20
What is the remainder when 13278 is divided by 42?
6
What is the remainder when 31490 is divided by 78?
56
Calculate the remainder when 1114 is divided by 703.
411
What is the remainder when 371 is divided by 179?
13
What is the remainder when 181928 is divided by 7?
5
What is the remainder when 29747 is divided by 15?
2
Calculate the remainder when 2952 is divided by 19.
7
What is the remainder when 56155 is divided by 91?
8
What is the remainder when 4417 is divided by 4086?
331
Calculate the remainder when 9208 is divided by 63.
10
Calculate the remainder when 42940 is divided by 81.
10
Calculate the remainder when 235066 is divided by 58764.
10
Calculate the remainder when 5039 is divided by 1259.
3
What is the remainder when 6830 is divided by 3?
2
What is the remainder when 1055 is divided by 80?
15
What is the remainder when 54420 is divided by 176?
36
What is the remainder when 56666 is divided by 60?
26
Calculate the remainder when 39022 is divided by 38.
34
Calculate the remainder when 2157 is divided by 871.
415
What is the remainder when 5342 is divided by 107?
99
What is the remainder when 10289 is divided by 2511?
245
What is the remainder when 2067 is divided by 645?
132
What is the remainder when 2652 is divided by 864?
60
Calculate the remainder when 15846 is divided by 15822.
24
What is the remainder when 10011 is divided by 53?
47
Calculate the remainder when 2877 is divided by 222.
213
Calculate the remainder when 23034 is divided by 4594.
64
What is the remainder when 374718 is divided by 64?
62
What is the remainder when 356848 is divided by 23789?
13
What is the remainder when 5682 is divided by 554?
142
Calculate the remainder when 515 is divided by 274.
241
Calculate the remainder when 1197 is divided by 80.
77
Calculate the remainder when 7096114 is divided by 43.
39
Calculate the remainder when 1277 is divided by 184.
173
Calculate the remainder when 10732 is divided by 85.
22
Calculate the remainder when 3625835 is divided by 8.
3
What is the remainder when 7993 is divided by 68?
37
What is the remainder when 1109 is divided by 128?
85
What is the remainder when 58295 is divided by 100?
95
What is the remainder when 93045 is divided by 93035?
10
Calculate the remainder when 23535 is divided by 83.
46
What is the remainder when 7196 is divided by 3436?
324
Calculate the remainder when 3155 is divided by 206.
65
Calculate the remainder when 712733 is divided by 228.
5
Calculate the remainder when 210880 is divided by 68.
12
What is the remainder when 16800 is divided by 521?
128
Calculate the remainder when 65240 is divided by 31.
16
Calculate the remainder when 22285 is divided by 22284.
1
Calculate the remainder when 2318 is divided by 503.
306
What is the remainder when 55233 is divided by 71?
66
Calculate the remainder when 8932 is divided by 8.
4
Calculate the remainder when 2081 is divided by 2072.
9
What is the remainder when 1669520 is divided by 276?
272
Calculate the remainder when 250667 is divided by 211.
210
What is the remainder when 6316 is divided by 529?
497
Calculate the remainder when 27483 is divided by 2497.
16
Calculate the remainder when 3360 is divided by 192.
96
What is the remainder when 58087 is divided by 5280?
7
What is the remainder when 6621 is divided by 118?
13
What is the remainder when 3174 is divided by 449?
31
Calculate the remainder when 354344 is divided by 131.
120
Calculate the remainder when 4082 is divided by 1350.
32
What is the remainder when 148874 is divided by 125?
124
Calculate the remainder when 178524 is divided by 1539.
0
Calculate the remainder when 269252 is divided by 39.
35
Calculate the remainder when 47303 is divided by 47280.
23
What is the remainder when 64232 is divided by 387?
377
Calculate the remainder when 105350 is divided by 2924.
86
Calculate the remainder when 15839 is divided by 90.
89
What is the remainder when 4540196 is divided by 28?
24
What is the remainder when 46523 is divided by 15500?
23
What is the remainder when 6945 is divided by 31?
1
What is the remainder when 2964 is divided by 744?
732
What is the remainder when 478 is divided by 13?
10
What is the remainder when 8811 is divided by 4035?
741
What is the remainder when 281071 is divided by 839?
6
What is the remainder when 5355 is divided by 599?
563
What is the remainder when 261024 is divided by 73?
49
Calculate the remainder when 11816 is divided by 382.
356
What is the remainder when 6051051 is divided by 1686?
1683
What is the remainder when 30292 is divided by 475?
367
What is the remainder when 9196 is divided by 18?
16
Calculate the remainder when 19459 is divided by 250.
209
What is the remainder when 1128 is divided by 297?
237
Calculate the remainder when 9827 is divided by 22.
15
Calculate the remainder when 13199 is divided by 315.
284
Calculate the remainder when 47458 is divided by 9.
1
What is the remainder when 484 is divided by 38?
28
Calculate the remainder when 9220 is divided by 438.
22
What is the remainder when 1329 is divided by 165?
9
What is the remainder when 1087 is divided by 572?
515
Calculate the remainder when 1804 is divided by 224.
12
Calculate the remainder when 5994 is divided by 2980.
34
What is the remainder when 52494 is divided by 12?
6
Calculate the remainder when 5329 is divided by 337.
274
What is the remainder when 214782 is divided by 147?
15
Calculate the remainder when 196 is divided by 54.
34
What is the remainder when 22004 is divided by 80?
4
What is the remainder when 1130 is divided by 21?
17
Calculate the remainder when 12362 is divided by 982.
578
Calculate the remainder when 5798 is divided by 5040.
758
Calculate the remainder when 185457 is divided by 185429.
28
What is the remainder when 69484 is divided by 34727?
30
Calculate the remainder when 625799 is divided by 69533.
2
What is the remainder when 167583 is divided by 159?
156
Calculate the remainder when 1977 is divided by 68.
5
Calculate the remainder when 1407 is divided by 156.
3
What is the remainder when 154229 is divided by 77113?
3
What is the remainder when 103782 is divided by 17?
14
Calculate the remainder when 2122 is divided by 39.
16
Calculate the remainder when 434 is divided by 221.
213
Calculate the remainder when 6273 is divided by 33.
3
Calculate the remainder when 5588362 is divided by 1164.
1162
Calculate the remainder when 106249 is divided by 1329.
1258
Calculate the remainder when 13984 is divided by 2321.
58
What is the remainder when 875 is divided by 192?
107
What is the remainder when 18405 is divided by 63?
9
What is the remainder when 4933 is divided by 1634?
31
What is the remainder when 49956 is divided by 273?
270
What is the remainder when 108186 is divided by 33?
12
Calculate the remainder when 2916 is divided by 51.
9
Calculate the remainder when 317006 is divided by 30.
26
What is the remainder when 460546 is divided by 50?
46
Calculate the remainder when 290942 is divided by 32.
30
What is the remainder when 5362 is divided by 595?
7
Calculate the remainder when 251248 is divided by 23.
19
Calculate the remainder when 1042543 is divided by 549.
541
Calcul